 2797 is divided by 126.
25
What is the remainder when 10924 is divided by 16?
12
Calculate the remainder when 294 is divided by 97.
3
Calculate the remainder when 4041 is divided by 24.
9
Calculate the remainder when 3453 is divided by 24.
21
What is the remainder when 317 is divided by 29?
27
What is the remainder when 626 is divided by 317?
309
What is the remainder when 1056 is divided by 76?
68
Calculate the remainder when 108 is divided by 41.
26
What is the remainder when 11392 is divided by 308?
304
Calculate the remainder when 148 is divided by 36.
4
What is the remainder when 12101 is divided by 15?
11
What is the remainder when 606 is divided by 16?
14
Calculate the remainder when 137 is divided by 10.
7
Calculate the remainder when 1439 is divided by 239.
5
What is the remainder when 737 is divided by 41?
40
Calculate the remainder when 103 is divided by 8.
7
What is the remainder when 11219 is divided by 43?
39
What is the remainder when 191 is divided by 84?
23
What is the remainder when 406 is divided by 135?
1
Calculate the remainder when 54 is divided by 47.
7
Calculate the remainder when 3759 is divided by 66.
63
What is the remainder when 17755 is divided by 12?
7
What is the remainder when 1705 is divided by 28?
25
Calculate the remainder when 671 is divided by 76.
63
What is the remainder when 20459 is divided by 132?
131
Calculate the remainder when 830 is divided by 111.
53
What is the remainder when 206 is divided by 52?
50
Calculate the remainder when 2780 is divided by 7.
1
What is the remainder when 226 is divided by 21?
16
What is the remainder when 1790 is divided by 13?
9
What is the remainder when 365 is divided by 318?
47
Calculate the remainder when 282 is divided by 69.
6
What is the remainder when 423 is divided by 300?
123
What is the remainder when 144 is divided by 7?
4
Calculate the remainder when 22 is divided by 8.
6
Calculate the remainder when 383 is divided by 8.
7
What is the remainder when 16 is divided by 6?
4
Calculate the remainder when 25 is divided by 21.
4
What is the remainder when 2447 is divided by 489?
2
Calculate the remainder when 2351 is divided by 59.
50
What is the remainder when 373 is divided by 95?
88
Calculate the remainder when 1086 is divided by 44.
30
What is the remainder when 24 is divided by 7?
3
Calculate the remainder when 5177 is divided by 33.
29
What is the remainder when 488 is divided by 10?
8
Calculate the remainder when 444 is divided by 133.
45
Calculate the remainder when 193 is divided by 35.
18
Calculate the remainder when 242 is divided by 25.
17
Calculate the remainder when 1799 is divided by 40.
39
What is the remainder when 4281 is divided by 29?
18
Calculate the remainder when 1038 is divided by 19.
12
Calculate the remainder when 133 is divided by 20.
13
Calculate the remainder when 815 is divided by 26.
9
Calculate the remainder when 98 is divided by 39.
20
Calculate the remainder when 943 is divided by 8.
7
Calculate the remainder when 548 is divided by 110.
108
What is the remainder when 104 is divided by 59?
45
What is the remainder when 17 is divided by 1?
0
Calculate the remainder when 9942 is divided by 343.
338
Calculate the remainder when 39 is divided by 35.
4
Calculate the remainder when 316 is divided by 302.
14
What is the remainder when 7935 is divided by 22?
15
Calculate the remainder when 1470 is divided by 185.
175
Calculate the remainder when 567 is divided by 82.
75
What is the remainder when 244 is divided by 11?
2
Calculate the remainder when 623 is divided by 25.
23
Calculate the remainder when 105 is divided by 24.
9
Calculate the remainder when 1230 is divided by 524.
182
What is the remainder when 5068 is divided by 78?
76
What is the remainder when 97 is divided by 49?
48
Calculate the remainder when 401 is divided by 401.
0
Calculate the remainder when 1468 is divided by 212.
196
Calculate the remainder when 1636 is divided by 117.
115
Calculate the remainder when 1821 is divided by 96.
93
What is the remainder when 229 is divided by 5?
4
What is the remainder when 319 is divided by 65?
59
What is the remainder when 6707 is divided by 86?
85
Calculate the remainder when 51 is divided by 12.
3
What is the remainder when 1563 is divided by 54?
51
Calculate the remainder when 1029 is divided by 168.
21
Calculate the remainder when 345 is divided by 16.
9
Calculate the remainder when 954 is divided by 11.
8
What is the remainder when 570 is divided by 14?
10
What is the remainder when 229 is divided by 26?
21
What is the remainder when 166 is divided by 61?
44
What is the remainder when 1376 is divided by 47?
13
What is the remainder when 12116 is divided by 202?
198
What is the remainder when 39 is divided by 13?
0
What is the remainder when 73 is divided by 16?
9
What is the remainder when 1922 is divided by 7?
4
What is the remainder when 291 is divided by 54?
21
What is the remainder when 119 is divided by 3?
2
Calculate the remainder when 2815 is divided by 20.
15
Calculate the remainder when 93 is divided by 89.
4
Calculate the remainder when 227 is divided by 60.
47
Calculate the remainder when 238 is divided by 49.
42
Calculate the remainder when 3377 is divided by 15.
2
What is the remainder when 193 is divided by 90?
13
Calculate the remainder when 2963 is divided by 1454.
55
What is the remainder when 953 is divided by 192?
185
What is the remainder when 238 is divided by 124?
114
Calculate the remainder when 55 is divided by 20.
15
Calculate the remainder when 116 is divided by 15.
11
What is the remainder when 79 is divided by 16?
15
Calculate the remainder when 103 is divided by 52.
51
Calculate the remainder when 95 is divided by 49.
46
What is the remainder when 161 is divided by 62?
37
Calculate the remainder when 138 is divided by 61.
16
What is the remainder when 3392 is divided by 87?
86
Calculate the remainder when 4008 is divided by 49.
39
What is the remainder when 483 is divided by 130?
93
What is the remainder when 5945 is divided by 19?
17
What is the remainder when 910 is divided by 262?
124
What is the remainder when 619 is divided by 309?
1
Calculate the remainder when 220 is divided by 79.
62
What is the remainder when 855 is divided by 39?
36
What is the remainder when 2597 is divided by 4?
1
Calculate the remainder when 487 is divided by 35.
32
Calculate the remainder when 72 is divided by 12.
0
Calculate the remainder when 871 is divided by 23.
20
Calculate the remainder when 2810 is divided by 22.
16
What is the remainder when 1612 is divided by 5?
2
What is the remainder when 57 is divided by 36?
21
What is the remainder when 7725 is divided by 23?
20
Calculate the remainder when 3276 is divided by 1.
0
Calculate the remainder when 1498 is divided by 216.
202
Calculate the remainder when 3849 is divided by 7.
6
What is the remainder when 508 is divided by 5?
3
What is the remainder when 498 is divided by 120?
18
Calculate the remainder when 309 is divided by 32.
21
What is the remainder when 80 is divided by 41?
39
Calculate the remainder when 601 is divided by 67.
65
Calculate the remainder when 1701 is divided by 95.
86
Calculate the remainder when 12 is divided by 8.
4
What is the remainder when 216 is divided by 68?
12
Calculate the remainder when 241 is divided by 195.
46
Calculate the remainder when 242 is divided by 41.
37
Calculate the remainder when 1048 is divided by 105.
103
Calculate the remainder when 53 is divided by 4.
1
Calculate the remainder when 104 is divided by 54.
50
Calculate the remainder when 48 is divided by 9.
3
What is the remainder when 4622 is divided by 660?
2
What is the remainder when 458 is divided by 23?
21
What is the remainder when 304 is divided by 28?
24
What is the remainder when 94 is divided by 15?
4
What is the remainder when 1433 is divided by 28?
5
Calculate the remainder when 1077 is divided by 8.
5
Calculate the remainder when 75 is divided by 19.
18
Calculate the remainder when 509 is divided by 84.
5
Calculate the remainder when 2318 is divided by 574.
22
Calculate the remainder when 613 is divided by 41.
39
Calculate the remainder when 97 is divided by 22.
9
What is the remainder when 156 is divided by 52?
0
What is the remainder when 617 is di